0*h - 22. Let w(d) = -7*s(d) + 4*t(d). Calculate w(5).
-1
Let d(w) = w - 2. Let m = 3023 - 3017. Let u(l) = 3*l**2 + 6*l + 4*l - 17 - 4*l**2. Let v be u(m). Give d(v).
5
Let l(v) = v**3 - 98*v**2 + 462*v + 16. Let z be l(5). Let d(s) = -28*s**3 - 2*s**2 + 2. Determine d(z).
-28
Let c(p) = -18*p - 7*p**2 - p**3 + 4*p + 5*p + 5*p + 40 - 37. Let q(h) = -5*h**3 - 2*h**2 - h + 2. Let s be q(1). Give c(s).
-9
Let t(x) = x**3 - 4*x**2 + 3. Let m = -152 + 148. Let j be (9/(-4))/(-9)*m - -4. What is t(j)?
-6
Let x(z) = 146*z + 15. Let s(b) = 341*b + 31. Let v(c) = 3*s(c) - 7*x(c). Calculate v(1).
-11
Suppose 2*c - 4 = -2. Let x(r) be the first derivative of 5*r**4 + r**3/3 - r**2/2 + r + 24986. Give x(c).
21
Let c(o) = -2*o**3 + o**3 - 22*o + 4 + 2*o**3 - 2*o**2 + 18*o. Let x(p) = -5*p**2 + 18*p + 4*p**2 - 162 + 148. Let a be x(17). Determine c(a).
1
Let d(k) = -10*k**2 + 8*k - 38. Let t(v) = 3*v**2 - 4*v + 13. Let l(r) = 2*d(r) + 7*t(r). What is l(13)?
28
Let t(n) = -185*n + 556. Let r be t(3). Let f(z) = 2*z**3 - z**2 + z + 1. What is f(r)?
3
Let l(h) be the first derivative of 3*h**2/2 + 47*h - 610. Calculate l(-14).
5
Let s(c) be the first derivative of c**4/4 - 2*c**3/3 + 3*c**2 - 6*c - 273. What is s(4)?
50
Let d(r) = 2*r**2 + 5*r - 4. Let y be (3/3)/(-15 - (-1258)/85). Calculate d(y).
21
Let d(k) = -32*k - 260. Suppose 0 = -2*m + 5*r - 21, -r - 23 = 14*m - 11*m. Give d(m).
-4
Let z(p) = 58*p - 10 - 2 - 72*p - 1. Let i(r) = 1 + r - 4 - 4*r. Let a(o) = 9*i(o) - 2*z(o). Give a(-4).
-5
Let l(c) be the first derivative of -3*c + 1/2*c**2 - 3. Let u(g) = 146*g + 1171. Let o be u(-8). What is l(o)?
0
Let r be 10/25 + 24/(-10). Let p(h) = -2*h**2 + h + 3. Let t(s) = 872*s - 872*s - 2 + 0*s**2 + s**2. Let o(w) = -2*p(w) - 3*t(w). Determine o(r).
8
Let k(d) be the second derivative of d**3/6 - 7*d**2/2 - 179*d + 2. Let q be (-4 + 9)/(2/6). Suppose -3*r + 6 = -q. What is k(r)?
0
Let p(c) = 18*c**2 - 7. Let h(i) = 23*i**2 - 6. Let k(a) = 3*h(a) - 4*p(a). Determine k(-5).
-65
Let s = -4419 - -4421. Let q(l) = 6*l - 9. Let u(f) = 1. Let x(a) = q(a) + 4*u(a). Give x(s).
7
Let r(l) be the third derivative of l**5/30 + 3*l**4/8 - l**3 + 76*l**2 - 1. Give r(-5).
-1
Let f(x) be the second derivative of -25*x**4/4 + x**3/2 - x**2 + 36*x. Give f(1).
-74
Let s be 6/45*9*5. Let f be (-188)/(-20) - s/(-10). Let w(q) = -10*q - f - 8 + 16. Give w(2).
-22
Let x(j) be the first derivative of j**4/4 - 2*j**3 - 3*j**2 - 7*j + 87. Let b be (1/3)/(21/(-189)). Let o be ((-99)/b)/3 - 4. What is x(o)?
0
Let i(y) be the second derivative of -y**5/20 - 5*y**4/6 + 2*y**3 + 9*y**2/2 - 47*y - 4. What is i(-11)?
-2
Let p(r) be the first derivative of -2*r**2 + 9*r - 18. Suppose 5*z - 33 + 8 = o, -5*o + 19 = -z. Give p(z).
-15
Let m(u) = -u**2 - 27*u - 175. Let n be m(-11). Let w(x) = 14*x - 20. What is w(n)?
-6
Let x(i) = 2*i**2 + 36*i + 35. Let o be x(-17). Suppose -y - o + 4 = 0. Let d(z) = z**3 - 4*z**2 - z - 3. Determine d(y).
-15
Let i(m) = -m**2 - m - 6. Let o = 3293 + -3299. Determine i(o).
-36
Let r(n) be the first derivative of -n**3/3 + 2*n**2 + 20*n + 51. Let z be r(7). Let d(v) be the first derivative of -9*v**4/4 - v**3/3 + 1. Give d(z).
8
Let u be (-2)/(-23) - 14400/(-1035). Let j(x) = -x**2 + 12*x - 13. Calculate j(u).
-41
Let o(c) = c**2 - 5*c + 7. Suppose 4*x = 4 + 4. Let l(k) = 6*k + 42 - k**x - 42. Let b be l(5). Calculate o(b).
7
Let i(v) = 139*v - 5. Let l be i(0). Let w(o) = o**3 + 9*o**2 + 18*o - 3. What is w(l)?
7
Let p(i) = -2*i**2 + 13*i - 20. Suppose 0 = -14*r + 14*r + 7*r - 14. Calculate p(r).
-2
Let k(g) = 2*g**3 - 6*g**2 - 15 - 2*g**2 - 9*g**2 - 62*g - 22*g**2. Let j be k(21). Let w(i) = -3 + 2 + i**2 - 5*i - 1 + 0. Determine w(j).
4
Let p = -4 - 4. Let i(u) be the second derivative of -u**4/12 - 5*u**3/3 - 9*u**2/2 + 364*u - 2. What is i(p)?
7
Let p(c) be the third derivative of -c**6/120 + c**5/20 - c**4/12 - 2*c**3/3 + 3*c**2 - 4*c. Suppose 0 = -16*x + 21*x - 15. Calculate p(x).
-10
Suppose -4*u = 3*v - 25, -13*v + 11*v - 6 = -3*u. Let t(l) = -2*l**2 + 2*l + 4 + v*l**2 - 1 - 4 - 5*l**2. What is t(3)?
-31
Let v be -30*1*(-14 + 76/6). Let c(s) = -2*s + 74. Determine c(v).
-6
Let l(q) = -2*q**2 + q. Suppose 17*s + 324 + 679 = 0. Suppose -522 = -8*t + 17*t. Let j = s - t. Calculate l(j).
-3
Suppose 2*x + 18 = -2*a - 16, -2*x + 21 = -3*a. Let i(q) = -2*q**2 - 21*q + 3. Calculate i(a).
-8
Let l(t) be the second derivative of t**6/120 + 11*t**5/60 + 5*t**4/12 + 5*t**3/2 - 58*t**2 - 206*t. Let o(r) be the first derivative of l(r). Calculate o(-10).
15
Let j(f) = 3*f + 2. Suppose 2*v = 3*v - 3. Suppose -t + 0*t = 2, -3*u - v*t = 0. Suppose u*c + 8 + 5 = 5*s, -2*s - 6 = 2*c. What is j(c)?
-10
Let w be (0 - 0)/1 - -2. Let y be (w/6)/(3/(-18)). Let t(h) = -50*h**2 + 6*h + 2. Let x(b) = -34*b**2 + 5*b + 2. Let l(f) = -2*t(f) + 3*x(f). Calculate l(y).
-12
Let c(i) be the second derivative of i**4/12 - 13*i**3/3 + 9*i**2/2 - 12710*i. Determine c(8).
-135
Let k(l) = -5*l**3 + 5*l**2 - 7*l - 6. Let j(m) = m**3 - m + 2. Let y(x) = 6*j(x) + k(x). What is y(-7)?
-1
Let x(f) = -f**2 + 6*f - 20. Suppose 3*c - 21 - 12 = -d, 5*c + 4*d - 69 = 0. Determine x(c).
-47
Let a = 5 + -2. Let z(y) = 3*y**2 - 18. Suppose 0 = -3*x - 5*x - 64. Let w(t) = 5*t**2 - t - 28. Let j(s) = x*z(s) + 5*w(s). Give j(a).
-2
Suppose -1172 = 4*r - 1140. Let d(g) = g**3 + g**2 - 13*g - 21. Let s(u) = -u**3 + u**2 + 14*u + 22. Let f(o) = 4*d(o) + 3*s(o). Give f(r).
-2
Let h(n) be the second derivative of -1/2*n**2 + 7 + n - 5/3*n**3. Let b be (-6)/(-10) + 10/25. Calculate h(b).
-11
Suppose 4*u + 4*l - 8*l - 24 = 0, 15 = 2*u - 3*l. Let j(h) be the first derivative of h + h**2 + 1/4*h**4 + 4/3*h**u - 12. Determine j(-3).
4
Let u be (7 - 1)*(-1)/(-16)*(-8)/(-2). Let i(g) be the first derivative of g + 3 + 1/3*g**3 - u*g**2. Calculate i(2).
-1
Let z(t) be the third derivative of -t**6/240 - t**5/20 + 73*t**4/12 - 141*t**2. Let f(a) be the second derivative of z(a). Determine f(-4).
6
Let r be -3 + (240 - (2 - 3 - 0)). Let h be r/10 - 2/(-10). Suppose -25*g + h*g + 1 = 0. Let p(t) = -t**2 - t. Calculate p(g).
-2
Let q(f) be the third derivative of f**5/60 + 17*f**4/24 + 5*f**3/6 + 2*f**2 - 50*f + 1. What is q(-15)?
-25
Suppose -c + 3*v + 6 = 2*c, -4*v = 4*c - 32. Let x(s) = 7*s**2 - 3*s - c - s**3 - 7 - 4 - 1 + 3. Calculate x(6).
4
Let b(g) = -8*g - 10. Let m(l) = -17*l - 22. Let y(c) = 9*c - 162. Let r be y(19). Let h(d) = r*b(d) - 4*m(d). Determine h(3).
-14
Let o(s) = -4*s**2 - 8*s - 11. Let k be ((-6)/(-6))/(((-72)/27)/8). Give o(k).
-23
Let y(s) = -20*s**2 + 23*s + 16. Let a(l) = 7*l**2 - 7*l - 5. Let u(b) = -7*a(b) - 2*y(b). Suppose 109*r = 113*r + 8. Calculate u(r).
-39
Let g(s) = -1 - 1035*s + 44 + 1049*s. Determine g(-4).
-13
Let o = -63 - -59. Let l(n) = 11*n**3 + 4*n**2 - 4*n + 4. Let h(x) = -9*x**3 - 3*x**2 + 3*x - 3. Let u(r) = o*h(r) - 3*l(r). Determine u(-1).
-3
Let w(h) = 22 - 10 + h + h**3 + 4 - 9. Suppose y - 2 = -2. What is w(y)?
7
Suppose 48*c - 580 = 143*c - 66*c. Let g(n) = n**3 + 21*n**2 + 21*n + 33. What is g(c)?
13
Let u(f) = -f**2 + 31*f - 16*f - 12*f - 3*f - 32 - 15*f. Give u(-8).
24
Let r(a) = -a**3 - 15*a**2 + a + 17. Let f(v) = -2*v**2 - 134*v - 1419. Let o be f(-54). Determine r(o).
2
Let u(w) = -w**3 + 12*w**2 - 19*w - 12. Suppose -1066*k = -1064*k + 102. Let s be (2 - 22/10) + k/(-5). Give u(s).
-2
Suppose 0 = -2*t + c - 4, -4*t + 0*c + 8 = 2*c. Let m(x) = -x**2 - x - 14. Give m(t).
-14
Let p(t) = -t**3 - 13*t**2 - 12*t - 4. Suppose 5*j + 52 = -4*d, 0 = 4*j - d + 54 - 4. Calculate p(j).
-4
Let k = 105 - 103. Let y(v) = -v**3 - 1428 - 1431 + 6*v**k - 3*v + 2864. What is y(6)?
-13
Suppose 37*h - 209 = -16*h - 50. Let g(r) be the first derivative of -1/4*r**4 + 3*r**2 - 16 + 6*r - 5/3*r**h. Determine g(-6).
6
Let p = -9 + 19. Suppose t - 18 = 2*f, -f + t - 1 = p. Let x(k) = -15*k**2 + 4*k + 9. Let d(r) = 4*r**2 + r. Let q(v) = -4*d(v) - x(v). What is q(f)?
-2
Let y be 112/32*48/(-42)*(-3 - -1). Let z(w) = 2*w**2 - 13*w + 4. Give z(y).
28
Let v be (-8)/32 + (-29)/(-4). Let r(k) be the third derivative of -1/60*k**5 - 15*k**2 + 2/3*k**3 + 0*k + 1/3*k**4 + 0. Give r(v).
11
Let z(x) be the second derivative of 1/20*x**5 - 1/4*x**4 + 1/2*x**3 + 0*x**2 + 88*x + 0. Let i be 3*(2/(-